03*t + 225 = 0. What is the highest common divisor of t and 165?
15
Let j be 3 + -3 - (2 - 4)*17. Calculate the highest common factor of j and 629.
17
Let r(z) = 3*z**3 - 2*z**2 - 3. Let x be 4 - -1 - -4*15/(-20). Let q be r(x). Suppose -16*p = -q*p - 1023. Calculate the highest common factor of 31 and p.
31
Let f = 441 - 401. Let x(q) be the second derivative of 2*q**3 + 6*q**2 + 15*q. Let g be x(4). Calculate the greatest common divisor of f and g.
20
Let v(u) = 2*u**3 - 4*u**2 + u + 16. Let i be v(5). Suppose 0 = 5*k + i - 1501. What is the highest common divisor of 14 and k?
14
Let f = -67 - -35. Let n = f - -57. Suppose -28*i + 26*i = -10. Calculate the greatest common divisor of i and n.
5
Let s = -5027 - -6680. What is the greatest common factor of s and 609?
87
Suppose -28*a - 73 = -717. Suppose 3*s = a + 37. What is the greatest common factor of 100 and s?
20
Let k = 16 + -11. Suppose -19*r = 5*p - 22*r - 34, 5*p = -4*r + 13. Suppose a = p*q + 65, -4*a = a - k*q - 225. Calculate the highest common factor of a and 16.
8
Let l(s) = 5*s**3 - 8*s**2 - 17*s + 44. Let u be l(10). What is the greatest common factor of u and 42?
42
Suppose 52*x - 16 = 44*x. Suppose 5*q - 4690 = x*n, -8*n + 6*n = -q + 946. Calculate the highest common divisor of 24 and q.
24
Suppose -5*x = -3*a - 159, -46 - 70 = -4*x + a. What is the greatest common factor of 276 and x?
3
Suppose 10*w + 55*w = 2080. Let r = 21 + -1. Let v be (-2158)/(-15) - r/(-150). What is the greatest common factor of v and w?
16
Let s(t) = t**3 - 7*t**2 - 4*t - 19. Let v be s(8). Let n = 21 + v. Let r be ((-2992)/33)/(1/(-3)). What is the highest common factor of n and r?
34
Suppose 5285 = 47*d - 214. What is the highest common factor of 135 and d?
9
Let i be 18/(-3)*40/(-8). Let n be (-1 - 0)/((55/(-60))/11). What is the greatest common factor of n and i?
6
Let j(t) = -t**3 + 9*t**2 - 8*t + 22. Let i be j(8). What is the highest common factor of 4642 and i?
22
Let z(k) = k**3 + 9*k**2 + 12*k + 44. Let c be z(-8). Suppose 0 = c*m - 399 + 159. What is the greatest common divisor of 70 and m?
10
Let t = 17854 - 7794. Calculate the highest common divisor of t and 20.
20
Let t = -1 - -2. Let x = 167 + -136. Suppose s - 4*z = -0*s + x, -5*z = -3*s + 58. Calculate the highest common divisor of t and s.
1
Let k(c) = c**3 + 26*c**2 - 5*c - 49. Let o be k(-23). What is the highest common factor of o and 57?
57
Let s(o) = 6*o - 10. Let g be s(9). Suppose -r - q = -113, -10*r = -7*r + 10*q - 360. What is the highest common factor of r and g?
22
Let w be 10 - 9 - (2 + -4). Let v be ((-88)/(-12))/(w/(-9)). Let l = 10 - v. What is the greatest common divisor of 4 and l?
4
Let j(k) = -k**3 - 10*k**2 + 10. Let b = 9 - -11. Suppose -w = w + b. Let v be j(w). What is the highest common divisor of 40 and v?
10
Let s = -464 - -306. Let o = -82 - s. What is the greatest common divisor of o and 266?
38
Suppose 0 = -4*d - 10*d - 0*d. Suppose d = 10*j - 5*j - 2*y - 340, 5*j = 3*y + 345. What is the highest common divisor of 22 and j?
22
Let m be 4/20*0 - (-1 - 2). Suppose 0 = -11*i + 10*i + m*o + 74, 0 = -4*i - 5*o + 296. Calculate the highest common divisor of 2 and i.
2
Let z be 3228/21 - 12/(-42). Suppose -75 = -b + 3*h - 0*h, 5*h = 5*b - 345. What is the highest common divisor of b and z?
22
Suppose -21*d + 1368 = 234. Suppose -o - 3 = -39. What is the greatest common divisor of d and o?
18
Let k = 72 - -28. Let i = k - 9. Suppose 17 - 31 = -2*d. What is the highest common divisor of i and d?
7
Let u(r) = -2*r**3 + 79*r**2 - 31*r - 156. Let y be u(39). Suppose -4*d = -2*d - 2*w - 22, -40 = -3*d - 4*w. Calculate the highest common divisor of d and y.
12
Suppose -s - 5*b + 35 = 0, 2*s - 5*b - 45 - 10 = 0. Let l be ((-228)/(-627))/(39/33 - 1). Suppose -2*a - l = -s. What is the greatest common factor of 7 and a?
7
Suppose -2038 = -4*x + 3*h, x + 3*h - 1539 = -2*x. Let n = x - 459. What is the highest common divisor of n and 26?
26
Let w(z) = 3*z**2 - 27*z + 12. Let y be w(9). Suppose 0 = -3*l + 2*t + 901, -y*t = -4*l - 7*t + 1213. Calculate the highest common divisor of l and 33.
33
Let f(v) = 54*v**2 + 2*v - 3. Let c be 50/(-10) + (5 - -2). Let m be f(c). What is the greatest common factor of 155 and m?
31
Let w(k) = 10*k**2 - 50*k + 280. Let b be w(12). What is the greatest common factor of 336 and b?
112
Suppose 3137*q = 3136*q - 5*v + 70, 26 = -q + 3*v. Let x(m) = 3*m - 8. Let r be x(6). Calculate the greatest common factor of q and r.
10
Let h(o) = 15*o**2 + 3*o + 4. Let t be h(3). Let n = -1331 + 1777. Suppose t + n = 3*c. Calculate the highest common divisor of 22 and c.
22
Let q(t) = -t**3 + 12*t**2 - t - 42. Let l be q(10). Suppose -4*s + l - 68 = 0. What is the greatest common factor of s and 320?
20
Let s be (-14 + 2914)*(-1)/(-2). Calculate the highest common divisor of s and 150.
50
Let h = 284 - 284. Suppose -57*v + 59*v - 812 = h. Calculate the highest common factor of 58 and v.
58
Let p be (1*-19*1)/1. Let f(j) = -106*j + 882. Let h be f(8). Let s be (-17)/h - p/2. Calculate the greatest common divisor of 63 and s.
9
Suppose 0 = 4*a - 3*f - 2903 - 884, -f - 3793 = -4*a. Suppose 324*s = 54480 - 50268. What is the highest common divisor of a and s?
13
Let c = -5426 + 5526. What is the highest common divisor of c and 220?
20
Suppose 4*w - 3*d = d + 56, -4*w + 83 = 5*d. Suppose 22 + 2 = 4*m. Let h = m + 11. Calculate the greatest common divisor of w and h.
17
Let u = -458 - -813. What is the greatest common factor of u and 71?
71
Let n(j) = j**3 - 12*j**2 + 33*j - 4. Let q be n(8). Suppose -4*u = -q*a + 46 - 146, 4*u + 4*a = 108. Calculate the greatest common factor of u and 26.
26
Suppose -3*v - y + 5*y = -52, -5*v + 3*y + 94 = 0. Calculate the greatest common factor of v and 436.
4
Let z(q) = -q**3 - 78*q**2 + 243*q + 78. Let f be z(-81). Calculate the highest common factor of 6084 and f.
78
Let w be (10/(-15) + (-5)/(-12))/((-2)/24). Calculate the greatest common factor of 1383 and w.
3
Let j = 213 + -210. Suppose 0*c = -4*s + 4*c + 48, -j*c = -5*s + 60. Calculate the greatest common divisor of 3 and s.
3
Let k = -2481 - -3031. Calculate the greatest common factor of k and 90.
10
Let k(h) = 2*h**2 + 5*h + 14. Let l be k(6). Suppose l + 1138 = 33*j. Calculate the highest common divisor of 266 and j.
38
Let s be 50 - (7 + (-10)/2). Suppose s = 4*m - 4. Calculate the greatest common factor of 104 and m.
13
Suppose 16632 = -991*o + 1057*o. What is the highest common factor of o and 180?
36
Suppose 800 = 4*c + 760. Suppose c*j - 317 = 363. What is the greatest common factor of j and 119?
17
Let s(z) = 1067*z - 1497. Let n be s(4). What is the highest common factor of n and 68?
17
Let y be ((-92)/(-12) + -7)*42. Suppose -u + 4 = j, -25*j = -y*j - 12. What is the greatest common divisor of u and 88?
8
Let s = -4333 - -4354. Calculate the greatest common factor of 10479 and s.
21
Let f(o) = o**3 - 4*o**2 - 7*o. Let l(r) = r + 5. Let b be l(8). Let a = b + -5. Let i be f(a). What is the greatest common divisor of 40 and i?
40
Let m = -1045 - -1090. Suppose 0 = 5*n + 3*t + 2, -3*n + 0*t - 5*t = 14. Suppose -n*b + 19 = -17. What is the highest common factor of b and m?
9
Suppose 0 = 5*o - 3*x - 22, 33*o = 35*o - x - 9. Suppose o*v = 111 - 16. What is the highest common divisor of v and 95?
19
Suppose 5*u + 7 = -2*u. Let q be 0 + u - (0 - 4). Suppose -b + 17 = 4*i, b + q*i = 16 - 3. Calculate the highest common divisor of 11 and b.
1
Suppose 9*k + 588 = -3*k. Let h = 59 + k. Suppose -3*m = -2*r + m + 48, r = 5*m + 15. Calculate the greatest common divisor of r and h.
10
Let x = -116 - -119. Suppose 0 = x*y - 4*z - 66, 2*y - 3*z + 5*z - 30 = 0. What is the greatest common factor of 45 and y?
9
Let n be (62/(-279))/(6/(-702)). Calculate the highest common factor of n and 59.
1
Suppose 7*j - 5 = 6*j. Suppose 55*w + 755 = 8730. Calculate the highest common divisor of j and w.
5
Suppose 206 = -3*p - 2*m - 83, -p - 103 = 4*m. Let n = -199 - p. Let h be -2 + 0 - (n + 24/6). What is the highest common divisor of h and 14?
14
Suppose -13*g - 31 + 252 = 0. Suppose -2*p + 27 + g = 0. Let v(y) = -y**3 + 11*y**2 - 20*y + 12. Let j be v(8). Calculate the greatest common factor of j and p.
22
Suppose 32306 = 5*n - 1123